 n. Calculate d(-1).
-2
Let c(v) = 6*v - 10. Calculate c(3).
8
Let t(w) = -w**3 - 3*w**2 - 9. Calculate t(-4).
7
Let m(c) = c**3 + c**2 - c + 1. Determine m(2).
11
Let r(d) = -d**3 + 12*d**2 - 23*d - 10. What is r(10)?
-40
Let r(i) = -i**2 - 13*i + 26. What is r(-15)?
-4
Let b(l) = l**3 - l - 86. Give b(0).
-86
Let a(s) = 26*s + 16. Determine a(-2).
-36
Let l(d) = d**2 + 32*d + 65. Give l(-2).
5
Let k(u) = -2*u**2 + 7*u + 14. What is k(4)?
10
Let m(j) = j**3 - 23*j**2 + 25*j - 14. Give m(22).
52
Let m(q) = -99*q**2 - 3*q. Determine m(1).
-102
Let r(z) = -6*z - 3. Calculate r(-3).
15
Let q(u) = 8*u**3 + 41*u**2 + 4*u + 1. Determine q(-5).
6
Let y(a) = -8*a + 117. Calculate y(17).
-19
Let a(h) = -h**3 - h**2 - 4*h + 30. Give a(0).
30
Let r(z) = -z - 32. What is r(-11)?
-21
Let t(o) = 55*o + 113. Determine t(-2).
3
Let u(h) = 3*h + 6. What is u(-6)?
-12
Let b(d) = d**3 + 15*d**2 - 37*d - 20. What is b(-17)?
31
Let w(g) = -g - 14. Give w(7).
-21
Let d(g) = g**2 + 21*g + 36. What is d(-18)?
-18
Let h(r) = r**3 - 4*r**2 + 3*r - 12. Determine h(3).
-12
Let g(c) = 19*c - 261. What is g(14)?
5
Let d(w) = 8*w**2 - 3*w. Determine d(2).
26
Let f(u) = -u**3 - 15*u**2 - 14*u + 15. What is f(-14)?
15
Let g(l) = 41*l - 8. Give g(0).
-8
Let p(i) = i**2 - 9*i - 4. Determine p(8).
-12
Let n(d) = 4*d**2 - 13*d - 4. Calculate n(4).
8
Let o(a) = a**2 - 10*a + 14. What is o(8)?
-2
Let y(s) = -s**2 - 4*s - 9. What is y(-6)?
-21
Let k(b) = -b**3 - 21*b**2 - 19*b + 19. Give k(-20).
-1
Let b(f) = f**3 - 14*f**2 - 9*f - 31. Give b(15).
59
Let h(b) = b**3 + 7*b**2 - 3*b - 13. Determine h(-7).
8
Let g(f) = -f**3 - 9*f**2 + 11*f + 15. Calculate g(-10).
5
Let k(n) = -n**2 - 49*n + 77. Calculate k(-51).
-25
Let c(l) = l**3 - 11*l**2 + 12*l + 18. What is c(10)?
38
Let v(o) = -o**3 + 7*o**2 + 9*o - 4. Give v(-4).
136
Let f(n) = 13*n**2 + 69*n - 8. Give f(-5).
-28
Let c(q) = 2*q**2 + 8*q + 4. What is c(-5)?
14
Let u(f) = f**2 - 2*f - 40. Give u(7).
-5
Let s(d) = 31*d + 125. Determine s(-5).
-30
Let h(k) = -2*k**2 - 21*k - 19. Calculate h(-6).
35
Let m(a) = 2*a**2 + 25*a + 7. What is m(-12)?
-5
Let s(u) = -u**3 - 5*u**2 + u - 5. Give s(-5).
-10
Let g(q) = q**2 + 5*q + 4. Determine g(-5).
4
Let w(n) = -n - 12. Calculate w(-14).
2
Let m(t) = -t**2 + t + 4. What is m(5)?
-16
Let k(y) = -y**2 + 13*y + 4. What is k(13)?
4
Let d(m) = -m**3 + 5*m**2 + m - 4. Determine d(4).
16
Let c(s) = 10*s - 3. Calculate c(5).
47
Let a(u) = -3*u**3 + 2*u**2 + 4*u - 7. What is a(3)?
-58
Let f(a) = -a**3 + 14*a**2 - 28*a + 25. Determine f(12).
-23
Let l(j) = -j**2 - 8*j - 15. Determine l(-7).
-8
Let t(r) = r**3 + 12*r**2 - 15*r - 21. Calculate t(-13).
5
Let u(a) = a**3 + 2*a**2 - 3*a + 5. What is u(-5)?
-55
Let t(m) = -7*m - 78. Calculate t(-13).
13
Let b(s) = -9*s + 34. Give b(4).
-2
Let l(m) = m**3 - 2*m**2 - 8*m - 8. Give l(5).
27
Let j(h) = -h**3 - 9*h**2 - 4*h - 10. Give j(-9).
26
Let j(b) = -2*b**2 + 6. Determine j(2).
-2
Let m(b) = -b - 10. What is m(0)?
-10
Let d(g) = 5*g - 1. Calculate d(2).
9
Let u(i) = -16*i + 3. Calculate u(1).
-13
Let x(j) = j**3 - 12*j**2 - 3*j - 4. Calculate x(12).
-40
Let s(d) = d - 36. Determine s(16).
-20
Let k(f) = -f**3 - 10*f**2 - 19*f + 10. Determine k(-7).
-4
Let n(u) = 2*u + 1. Determine n(-3).
-5
Let g(l) = l**3 + 4*l**2 + 2*l + 4. Determine g(-2).
8
Let v(g) = -2*g + 7. Give v(6).
-5
Let i(f) = f + 21. Give i(-13).
8
Let q(o) = 37*o + 13. Give q(-1).
-24
Let n(b) = -b**3 - 13*b**2 + 3*b + 6. Determine n(-13).
-33
Let j(p) = 3*p + 9. Calculate j(-9).
-18
Let o(j) = -2*j**3 - 37*j**2 + 20*j + 19. Calculate o(-19).
0
Let y(b) = b. Determine y(2).
2
Let h(m) = -m**3 + 10*m**2 - 4*m + 9. Determine h(10).
-31
Let l(a) = 2*a**3 + 13*a**2 + 11*a - 6. Give l(-5).
14
Let l(c) = 59*c - 1. Determine l(-1).
-60
Let y(i) = -i**2 + 1. Give y(1).
0
Let k(f) = 3*f - 3. Calculate k(2).
3
Let c(q) = q**3 - 3*q**2 - 10*q - 50. Determine c(6).
-2
Let s(i) = i**3 + 3*i**2 - 15*i - 19. Give s(-5).
6
Let n(t) = -t**2 + 24*t - 44. Calculate n(23).
-21
Let m(l) = 6*l**3 - l**2 + 3*l + 8. Calculate m(-2).
-50
Let v(q) = -8*q + 10. Give v(2).
-6
Let y(a) = 2*a**2 + 80*a + 453. What is y(-7)?
-9
Let k(t) = t**2 - 16*t - 17. What is k(17)?
0
Let a(w) = w**3 + 8*w**2 + 2*w - 8. What is a(-6)?
52
Let g(r) = -r**2 - 9*r + 15. What is g(-9)?
15
Let h(j) = -j**3 + 7*j**2 - j + 13. Calculate h(7).
6
Let r(z) = -z**3 + 9*z**2 - 11*z + 12. Give r(5).
57
Let h(x) = 2*x**3 - x**2 - 7. Calculate h(2).
5
Let u(c) = -c**3 + c**2 + 3*c - 9. Determine u(0).
-9
Let t(k) = k**2 - 11*k - 1. Determine t(9).
-19
Let h(w) = -2*w + 1. Give h(-9).
19
Let t(q) = -q**3 + 2*q**2 + 3*q - 4. Calculate t(3).
-4
Let h(x) = -10*x**2 - 4*x + 2. Calculate h(1).
-12
Let z(n) = -41*n - 93. Calculate z(-2).
-11
Let y(q) = -q**2 + 6*q - 1. Give y(8).
-17
Let f(d) = 10*d - 76. Give f(7).
-6
Let f(n) = -6*n**2 + 125*n + 25. Give f(21).
4
Let a(z) = -2*z**2 + 15*z + 3. Determine a(8).
-5
Let w(m) = m**2 - 2*m - 14. What is w(6)?
10
Let j(p) = p**3 - p**2 - 14*p + 20. Give j(3).
-4
Let t(a) = -a**3 + 12*a**2 - 20*a + 2. Calculate t(10).
2
Let q(c) = 13*c**2 + c + 2. What is q(-2)?
52
Let n(l) = -7*l + 43. Give n(10).
-27
Let i(w) = -7*w - 7. Calculate i(-6).
35
Let b(h) = -6*h + 1. Give b(2).
-11
Let h(c) = -c**2 + 3*c + 1. Calculate h(-6).
-53
Let h(j) = 3*j + 24. Determine h(-10).
-6
Let n(m) = -8*m**3 + 3*m + 2. Determine n(-1).
7
Let r(b) = b**2 - 3*b - 10. Determine r(-4).
18
Let k(i) = 4*i + 3. Give k(1).
7
Let g(w) = 2*w**2 + 10*w + 20. What is g(-4)?
12
Let z(w) = -29*w + 662. Calculate z(23).
-5
Let y(b) = b**3 + 4*b**2 + 5*b + 5. Give y(-5).
-45
Let b(y) = y**2 - 12*y - 3. What is b(9)?
-30
Let w(f) = 7*f + 54. What is w(-10)?
-16
Let s(d) = 5*d - 2. What is s(0)?
-2
Let u(z) = -6*z**3 + 2*z**2 + z + 1. Give u(2).
-37
Let b(r) = -28*r - 326. What is b(-12)?
10
Let t(r) = -2*r**2 - r. Determine t(-5).
-45
Let w(h) = -h - 1. What is w(12)?
-13
Let v(z) = -z + 6. Determine v(0).
6
Let u(r) = -35*r - 107. Calculate u(-3).
-2
Let h(o) = 4*o + 1. What is h(-2)?
-7
Let n(r) = 3*r**2 - 6*r + 15. Determine n(3).
24
Let z(q) = q**2 + 11*q - 7. Give z(-13).
19
Let x(h) = h**2 + 4. What is x(-2)?
8
Let s(g) = -2*g - 49. Determine s(-19).
-11
Let z(h) = -h**2 + 9*h - 14. Determine z(6).
4
Let w(n) = n**3 + 6*n**2 + 6*n - 4. What is w(-4)?
4
Let c(b) = -3*b**2 + b + 78. Calculate c(0).
78
Let y(l) = l**3 + 12*l**2 - 29*l + 19. Determine y(-14).
33
Let w(y) = -4*y**2 + 5*y + 1. What is w(3)?
-20
Let d(x) = -3*x - 6. What is d(0)?
-6
Let w(b) = -b + 10. Give w(12).
-2
Let g(z) = -z - 4. What is g(2)?
-6
Let a(q) = -5*q - 3. Determine a(-1).
2
Let t(d) = d**2 - 12*d + 10. What is t(12)?
10
Let b(w) = -11*w + 105. What is b(10)?
-5
Let c(z) = -z**3 + 8*z**2 - 3*z + 5. Give c(7).
33
Let l(y) = -3*y**3 - 2*y**2 - 4*y - 4. Calculate l(-2).
20
Let l(a) = 4*a**2 + 3*a - 2. What is l(1)?
5
Let m(x) = x**3 + 5*x**2 - 4*x + 8. Determine m(-6).
-4
Let z(u) = u**3 - 7*u**2 + 4*u + 10. Determine z(6).
-2
Let r(p) = 2*p**2 + 13*p - 12. What is r(-7)?
-5
Let m(l) = -l**3 + 15*l**2 + 69*l + 132. Determine m(19).
-1
Let w(i) = -i**3 + 38*i**2 + 40*i - 25. What is w(39)?
14
Let c(t) = -t**3 + 5*t**2 - t + 5. Determine c(5).
0
Let x(i) = -4*i + 6. Determine x(-3).
18
Let g(k) = -2*k**2 - 2*k + 7. What is g(-3)?
-5
Let v(w) = 30*w - 114. Calculate v(4).
6
Let b(t) = 15*t + 25. Determine b(-2).
-5
Let q(c) = -c**3 + 21*c**2 + 23*c - 25. Determine q(22).
-3
Let i(a) = 3*a + 20. Determine i(-9).
-7
Let q(f) = -2*f**2 + 22*f + 17. What is q(12)?
-7
Let g(y) = -y**2 - 14*y + 13. Determine g(-15).
-2
Let q(x) = x**3 - 17*x**2 - 18*x - 2. Determine q(18).
-2
Let m(c) = -c - 47. Calculate m(-17).
-30
Let a(q) = -q**3 - q**2 - q + 21. Determine a(0).
21
Let h(b) = -110*b + 1323. What is h(12)?
3
Let l(o) = -6*o**2 + 23*o - 8. Determine l(4).
-12
Let r(a) = a**2 - 5*a - 2. What is r(3)?
-8
Let a(n) = -n**3 + 5*n + 1. Determine a(3).
-11
Let t(m) = m**3 + 13*m**2 + m - 19. Determine t(-13).
-32
Let m(v) = v**3 - 4*v**2 - 4*v + 3. Calculate m(5).
8
Let r(m) = -m**2 + 13*m - 21. Calculate r(12).
-9
Let p(d) = -2*d**2 + 6*d - 1. Give p(3).
-1
Let d(l) = l**3 + 13*l**2 + 31*l + 33. Calculate d(-10).
23
Let g(f) = f**3 + 4*f**2 - 1. What is g(-5)?
-26
Let d(u) = -2*